r when n is divided by (1 + -2)*6/(-2)?
1
Suppose 7*g = 8*g - 57. Calculate the remainder when g is divided by 12.
9
Let m be 2/(3 - 1) + -3. What is the remainder when (-39 + m)*1/(-1) is divided by 14?
13
Let j(z) = -3*z**2 - 7*z - 4. Let q = -2 + 1. Let c(w) = -w**2 - w - 1. Let f(o) = q*j(o) + 4*c(o). What is the remainder when 3 is divided by f(2)?
1
Suppose c + 2*c - 2*a - 45 = 0, -4*c + 2*a = -58. Suppose k + 2*k = 21. Calculate the remainder when c is divided by k.
6
Let a(v) = -19*v + 1. Let x be a(-1). Suppose 4*o - x = -o. Calculate the remainder when 11 is divided by o.
3
Let o = -15 - -31. Suppose 14 = 2*l - 0. Let g(s) = -s**3 + 6*s**2 + 8*s + 2. What is the remainder when o is divided by g(l)?
7
Let o(j) = j - 10. Let u be o(8). Let n be (1 + -1)*u/4. What is the remainder when 16 is divided by 1 + n + (-5)/(-1)?
4
Let g be (6/10)/(2/10). Suppose -4*s - 1 = z - 0, 0 = -g*z + 3*s + 12. What is the remainder when 3 is divided by z?
0
Let b(v) = 8*v**3 - 2*v**2 + v. Let d be b(1). Suppose 4*x = d*x + 18. What is the remainder when (5 - x)/(1/4) is divided by 15?
14
Let t be 254/6 - (-12)/18. Let x = 22 + -52. Let y = x + t. What is the remainder when y is divided by 5?
3
Suppose 14 = 5*k - 86. Let d = k - -10. What is the remainder when 117 is divided by d?
27
Suppose 20 = 3*w + w. Suppose p + 45 = -5*c, -4*p + 110 = -9*p - 2*c. Let i = -6 - p. Calculate the remainder when i is divided by w.
4
Let f = 36 - 15. Calculate the remainder when 34 is divided by f.
13
Let z(n) = n**2 + 4*n. What is the remainder when z(7) is divided by 39?
38
Suppose -5*t = -6*t + 23. Calculate the remainder when 91 is divided by t.
22
Let m(s) = 2*s - 1. Let x = -3 - -15. What is the remainder when x is divided by m(3)?
2
Let w = 159 - 68. Calculate the remainder when w is divided by 23.
22
Let g be (3/2)/((-6)/(-4)). Let p be (-1 - (0 - g))/1. Suppose -3*z - 9 + 48 = p. What is the remainder when z is divided by 5?
3
Let m(p) = -79*p - 5. Let r(g) = 0*g - 1 - 21*g + 5*g. Let x(b) = -2*m(b) + 11*r(b). What is the remainder when x(-1) is divided by 6?
5
Suppose -9 - 23 = -4*q. Let j = 9 - q. Calculate the remainder when (-2)/3*(-3)/j is divided by 1.
0
Let x = 1 - -25. Let q = x - 4. Suppose -j - 4 = u - 13, j - 33 = -3*u. What is the remainder when q is divided by u?
10
Let k = -120 - -191. What is the remainder when k is divided by 36?
35
Suppose 0 = -0*x - x + 34. What is the remainder when x is divided by 7?
6
Let l(j) = j**2 + 6*j - 3. Calculate the remainder when 12/2 + 0/(-2) is divided by l(-7).
2
Let y = 21 + 147. Suppose t - y = -3*t. Calculate the remainder when t is divided by 22.
20
Let o(i) = 4*i**2 + 42*i - 11. Let z be 99/1 - (2 + -3). Suppose -n = 4*n - z. What is the remainder when n is divided by o(-11)?
9
Suppose -5*j + 3*o + 4 = 0, -4*j + 4*o = -0*o. Calculate the remainder when j is divided by 2.
0
Let b = 1 - -3. Calculate the remainder when b/(-3*1/(-24)) is divided by 11.
10
Suppose 4*y = -4*p + 132, -3*p = p - 5*y - 168. Suppose -4*h - h = 105. Let l = -8 - h. Calculate the remainder when p is divided by l.
11
Let w(m) = -m**2. Let v be w(-3). Let o = v + 19. What is the remainder when 19 is divided by o?
9
Suppose 0 = -4*k - 5*o + 15, -4*o = -k - 0*k + 30. Suppose 0 = -f + 34 - k. Let i = -8 + f. What is the remainder when 30 is divided by i?
14
Let l = 9 - -33. Calculate the remainder when l is divided by 15.
12
Suppose -5*h + 5 = 0, 3*h = -5*g + 2*g + 21. Suppose 28 = -4*z - 0*z + 2*y, 0 = -4*z - 2*y - 36. Let v = 12 + z. What is the remainder when g is divided by v?
2
Suppose 5*d + 15 = 3*t, -2*t - 2 + 8 = -2*d. Suppose 2*u + 4*l - 48 = -0*u, t = -5*u - l + 93. What is the remainder when 33 is divided by u?
15
Let s = 35 + -14. Let u be (s/15 - 1)*-15. Let v = u + 12. What is the remainder when 16 is divided by v?
4
Let m = 181 - 157. Let w be 1/(12/14 - 1). Let d = 6 - w. Calculate the remainder when m is divided by d.
11
Suppose 10*f - 92 = 6*f. Suppose -j - 352 = -9*j. What is the remainder when j is divided by f?
21
Let l(p) be the first derivative of -5*p**2 - p - 4. Let y be l(-4). Let x = y + -28. Calculate the remainder when 21 is divided by x.
10
Let k = 14 - 25. Let r = k + 13. Calculate the remainder when r is divided by 1.
0
Let h = 99 + -49. Calculate the remainder when h is divided by 13.
11
Suppose 2*w - 54 = -14. Let u = 31 - w. Let a = -31 - -63. What is the remainder when a is divided by u?
10
Calculate the remainder when 203 is divided by (-2196)/(-54) + (-1)/(-3).
39
Let n(f) = 3*f - 10. Let j(x) = -7*x + 20. Let b(i) = 2*j(i) + 5*n(i). Calculate the remainder when b(12) is divided by 2.
0
Suppose u + 2*u + 2*z - 148 = 0, -2*z = 2*u - 102. Suppose 5*w + 5 = -0, -y - 3*w + u = 0. What is the remainder when y is divided by 17?
15
Let i(r) = r**2 + 2*r + 2. Let h be i(-2). Suppose -2*p + 0*x = 2*x - 90, 51 = p - h*x. What is the remainder when p is divided by 16?
15
Let f = -9 - -34. Let z = 15 + -24. What is the remainder when f is divided by (z/6)/(2/(-12))?
7
Suppose 0 = -5*t + 446 - 151. Suppose -t = -3*c + 25. Let w(f) = f**3 - 10*f**2 + f. Calculate the remainder when c is divided by w(10).
8
Suppose 257 - 1169 = -6*w. Calculate the remainder when w is divided by 14.
12
Let c = 59 + 3. What is the remainder when c is divided by 16?
14
Suppose -15 = -4*i - i. What is the remainder when 11 is divided by i?
2
Let l = 4 - -12. Let p(a) = 2*a - 15. Let x be p(10). Suppose y - 2*b - b - 42 = 0, -4*y + x*b + 140 = 0. What is the remainder when y is divided by l?
14
Let m be (-107)/(-4) + 1/4. Suppose -2*z - m = z. Let b = z - -16. Calculate the remainder when 20 is divided by b.
6
Suppose -2*g = 4 - 0. What is the remainder when -1*(3 + -1 + -31) is divided by ((-15)/2)/(1/g)?
14
Suppose -q + 3*q + 30 = 0. Let o = q - -22. Calculate the remainder when 27 is divided by o.
6
Let u = 0 - -5. Let k(x) = x. Let s be k(u). What is the remainder when ((-27)/2)/(s/(-10)) is divided by 14?
13
Suppose -5*r + 2*r = -6. Suppose 3*a - 23 = -3*n - r*a, 2*a + 42 = 2*n. Calculate the remainder when n is divided by 6/7*7/1.
4
Suppose -5*h - 15 = -0, -2*g + 3*h = -81. Calculate the remainder when g is divided by (-3)/(-7) + 352/28.
10
Let f(x) = 2*x**2 + x. Let r be f(5). Suppose -5*c = -4*a + r, 0 = a - 4*c + c - 12. Suppose 3*s = s + 88. What is the remainder when s is divided by a?
14
Let j(i) = -i**2 + 4*i + 7. Let c be j(5). Suppose 0 = 2*y + c*y - 92. What is the remainder when 44 is divided by y?
21
Suppose 0 = -2*h + 4*r + 4, -2*r + 44 = 4*h + 6. What is the remainder when h is divided by 2?
0
Let s = -83 + 86. Calculate the remainder when 26 is divided by s.
2
Let l = -13 - -22. What is the remainder when 31 is divided by l?
4
Calculate the remainder when 9 is divided by (-14)/(-3) + 21/63.
4
Let a(z) = -1 - 5*z + 0 - z. Calculate the remainder when 21 is divided by a(-2).
10
Suppose 0 = -2*d + t + 285, d + 0*d - 156 = -4*t. What is the remainder when d is divided by 37?
33
Let a = 181 + -108. Calculate the remainder when a is divided by 19.
16
Let g(w) = -11*w**3 - 2*w - 1. Suppose -136 = -3*t - h, 99 = 2*t - 2*h - 5. What is the remainder when t is divided by g(-1)?
11
Suppose 2*u - 4*o - 60 = 82, -3*o = 15. Calculate the remainder when 119 is divided by u.
58
Let n = 43 + -5. What is the remainder when 265 is divided by n?
37
Suppose 1 = -o - 0. Let u be 0 - (-6 + 3 - 0). Let w = o + u. What is the remainder when 4 is divided by w?
0
Let f = 21 - -4. What is the remainder when 48 is divided by f?
23
Suppose 2*c + 3*c - 765 = -4*y, 5*c + 755 = 4*y. Suppose -y = -5*h + 160. What is the remainder when h is divided by 18?
16
Let w = -23 + 29. What is the remainder when 111 is divided by w?
3
Suppose -2*h = -5*h + 9. What is the remainder when 3 is divided by h?
0
Suppose 0 = -4*a - 5 - 3. Let l(f) = -4*f**3 - 2*f + 1. Calculate the remainder when l(a) is divided by 19.
18
Suppose -6 = -2*t - 5*h, 7*t = 3*t - 4*h + 36. Suppose 0 = o - 20 - 3. What is the remainder when o is divided by t?
10
Suppose h = 5*r - 19, -r + 10 = -3*r - 4*h. Suppose 40 = r*v + v. What is the remainder when 18 is divided by v?
8
Let t = 47 - 32. Calculate the remainder when t is divided by 2/(-2) - -2 - -8.
6
Suppose 4*v - 23 = -3*a, 5*a - v